 = d**2 - 8*d + 8. What is the hundreds digit of p(y)?
4
Let t = 8976 - 2426. What is the hundreds digit of t?
5
Let i = -223 + 253. Suppose i*f - 35*f = -790. What is the tens digit of f?
5
Let p(n) = 6*n**2 + 16*n - 15. Let a(m) = -m**2 + 12*m - 7. Let i be a(11). Let u be (-4)/(-8)*-6 - i. What is the units digit of p(u)?
7
Suppose 5*k + 2*g = 111836, -4*k + 575*g + 89515 = 570*g. What is the units digit of k?
0
Let p = -460 - -715. Suppose -74 = -n + p. What is the tens digit of n?
2
Suppose 7*n - n = 24. Suppose 12 = -4*r + n*y, -2*r - 3*y + 2 = -17. Suppose 0 = r*s - 8, 2*s = -3*o + s + 67. What is the tens digit of o?
2
Suppose 9*x = -5*f + 4*x + 95765, 2*f + 4*x = 38294. What is the tens digit of f?
5
Suppose -2*b + 5*a - 2158 = 2*b, 0 = 4*b - a + 2150. Let m = -138 - b. What is the units digit of m?
9
Suppose -5*r - 7458 = -g, -5*r - 33075 + 3288 = -4*g. What is the thousands digit of g?
7
Suppose 17*a = 11*a + 60. Let b be 2*a*(-8)/(-32). Suppose 0*s - 1085 = -5*s - b*z, 5*s = -z + 1073. What is the units digit of s?
4
Let i = -244 - -77. What is the hundreds digit of 1 + 4 + 0 - i?
1
What is the tens digit of 1*126878/18 + 21/567*6?
4
Let s(p) = 26*p - 31. Let h(b) = 6*b + 1. Let r(k) = 3*h(k) - s(k). What is the hundreds digit of r(-28)?
2
Let n(c) = -279*c**3 - 5*c**2 - 47*c - 243. What is the tens digit of n(-5)?
4
Let y(a) = -22*a + 22. Let s be y(10). Let w = 183 - s. What is the tens digit of w?
8
Let l = -4745 - -8981. What is the units digit of l?
6
Suppose g + 4*t = -6, -4*g + 2*t - 4*t = -32. Suppose -3*q - 2*q + g = 0. Suppose 3*w = y + 94, y = -w - q*y + 48. What is the units digit of w?
3
Let w(d) = -12054*d - 1036. What is the tens digit of w(-2)?
7
Let y = 2375 + -2360. Let j(z) = -z**3 + 7*z**2 - 4*z - 6. Let k be j(5). Suppose y*p + 1791 = k*p. What is the units digit of p?
9
Let m be 318/4*(-7 - -9). Suppose y + y = -5*t + 465, -290 = -3*t + y. Let a = m - t. What is the units digit of a?
4
Let l = -2229 - -3894. Let u = -839 + l. What is the units digit of u?
6
Suppose 10*x + 3*x - 31785 - 41262 = 0. What is the units digit of x?
9
Suppose 3*t = 3, -21*t + 4409 = y - 16*t. Suppose -y = -13*k + 4410. What is the hundreds digit of k?
6
Suppose 4*w = 3*t - 39, 3*w + 51 = 5*t + w. Suppose -13594 = -t*c - 5*c. What is the units digit of c?
1
Suppose -62*p = -55*p - 7917. Let z = p - 119. What is the hundreds digit of z?
0
Let g = -855 - -4498. What is the hundreds digit of g?
6
Let j be ((-5944)/12)/(1/((-6)/4)). Suppose 0 = -5*p + r + j, -2*r + 741 = 5*p - 4*r. Suppose 4*v - 275 - p = 0. What is the units digit of v?
6
Let m = 251 - 248. Suppose 5*r + 5*f = 890, -3*f = m*r - 5*r + 371. What is the units digit of r?
1
Suppose 0 = -22*u + 17*u + 9460. What is the thousands digit of u?
1
Let v be 3/(-3 + 264/80). What is the hundreds digit of -10 - 424/(-40) - (-9934)/v?
9
Suppose 5*m = -3*a + 12, -3*a + 0*a = m. Let d(c) = -769*c**3 - c**2 - c. What is the tens digit of d(a)?
6
Let n = 45451 - 28104. What is the units digit of n?
7
Let t(l) = -10*l - 2*l - 15 + 4*l + 0*l + 4*l. Let r = 9 + -15. What is the units digit of t(r)?
9
What is the units digit of (-8)/(-3)*((2 - -3) + (-34654)/(-4))?
6
Let z be (-3 + (-15380)/12)*18/(-4). Let y be z/33 + (-12)/66. Let r = y + -69. What is the tens digit of r?
0
Let i(l) = -l**3 + 26*l**2 - 2*l + 60. Let x be i(26). Let m(a) = 86*a - 52. What is the units digit of m(x)?
6
Let x(k) be the first derivative of 8*k**3/3 - 7*k**2/2 + 19*k + 75. Suppose 16 = 3*d - 2*l, -2*d + 19 - 7 = -2*l. What is the units digit of x(d)?
9
Let b = 7051 + 9215. What is the units digit of b?
6
Let u(k) = -k**2 - 5*k + 9. Suppose 21*t - 8*t = -104. Let p be u(t). What is the hundreds digit of 13/(((-2)/4)/(p + 8))?
1
What is the units digit of ((-243)/18)/(4 + 818/(-204))?
7
Let z be 82/8 - ((-36)/(-16) + -2). Suppose 0 = -23*h + 13*h + z. What is the units digit of h?
1
Let g = -137 - 296. Let u = g + 1216. What is the units digit of u?
3
Suppose 0 = 7*z + 2 - 37. Suppose -5*p + 772 = r, -z*r - 3*p + 3756 = -4*p. What is the hundreds digit of r?
7
Let u = 11393 + 7936. What is the hundreds digit of u?
3
Let v(s) = -s**3 - 4*s**2 + 3*s - 5. Let r be v(-8). Let d(l) = -40*l + 110. Let o be d(4). Let j = r + o. What is the units digit of j?
7
Let n(m) = 30*m**2 + 3*m - 17. Let f be n(6). Suppose -3*c - 157 = -f. What is the hundreds digit of c?
3
Suppose -2*s + 4*s = 2, 192 = -r - 4*s. Suppose 3*y = 6*y - 936. Let j = y + r. What is the tens digit of j?
1
Suppose -2*i - 8 = -2*g - 3*i, -5*g = -i - 34. Let p(r) = 2*r**3 - 4*r - 4. Let f be p(g). What is the units digit of (2 + f/8)*4/3?
0
Let a = -37 - -39. Suppose 4*c - a*z = -5*z + 968, 3*z + 726 = 3*c. What is the hundreds digit of c?
2
Suppose 7 - 32 = -5*k. Suppose -2*a = -k*h - 4*a + 13, 0 = -4*a - 4. What is the tens digit of ((-1)/h)/((-8)/480)?
2
Suppose 2*g - 12 = -4*s + 3*g, 3*g + 4 = 4*s. Let d = 0 - s. What is the units digit of 1/(-1)*(1 - d - 12)?
7
Let y = -667 - -677. Let c(k) = 122*k + 340. What is the hundreds digit of c(y)?
5
Let w(d) = 792*d - 724. What is the hundreds digit of w(16)?
9
Let s = 128 - 119. Let c(x) = -x**3 + 2*x**2 + 4*x - 3. Let b be c(3). What is the tens digit of s + -5 - (-73 + b)?
7
Let d(j) be the second derivative of j**3 + 9*j**2 + 5*j - 4. Let z = 5 + 3. What is the units digit of d(z)?
6
Let o = 2765 - 1856. Suppose l + 185 = v, 9*v + 3*l - o = 4*v. What is the units digit of v?
3
Let w be (-2008)/(-5) + (1 - (-8)/(-5)). Let g = 253 - w. Let i = g - -347. What is the units digit of i?
9
Let r = -628 + 2164. Suppose -7*k = 199 - r. What is the tens digit of k?
9
Suppose -4*k - 14 = -14, z = -4*k + 20448. What is the ten thousands digit of z?
2
Suppose -3*z = 5*a - 50301, 5*z + 4*a + 16995 = 100804. What is the thousands digit of z?
6
Suppose 124*j - 532257 + 40265 = 770080. What is the units digit of j?
8
Suppose 11*b = -21*b + 1675904. What is the units digit of b?
2
Let x be (102/(-4))/(12/32). Let g = 12 - x. Suppose -2*h + 8 = 0, -5*a + g = -4*h - 69. What is the tens digit of a?
3
Let f = 32 - -28. Suppose -14*j = -17*j + f. What is the units digit of (j/(-15))/(0 - (-3)/(-18))?
8
Let c(u) = -142*u**3 + 8*u**2 + 42*u + 8. What is the units digit of c(-5)?
8
Let h = -22248 + 48834. What is the units digit of h?
6
Let h = -18 + 14. Let b(z) = -29*z - 9. Let s(v) = 30*v + 6. Let a(w) = -3*b(w) - 4*s(w). What is the units digit of a(h)?
5
Let m = -449 + 431. What is the hundreds digit of (-3 - 2598/m)/((-3)/(-9))?
4
Suppose -k + 20 = -5*q, -4*k - 20 = -0*q + 5*q. Suppose -60*z + 31*z + 32103 = k. What is the thousands digit of z?
1
Suppose -18*b - 342 = -20*b. Suppose 617 = 4*j - b. What is the units digit of j?
7
Suppose -x - 14 = -13, -5*x = 2*i - 6587. What is the thousands digit of i?
3
Suppose -3*p + 2*i + 8 = 0, -8*p + i = -4*p - 14. Suppose -p*v + 442 = -106. What is the tens digit of v?
3
Suppose 0 = 6*k + 6867 - 37167. What is the units digit of k?
0
Let c be (-625)/100*(-7 - 1). Suppose -53*w = -c*w - 4*u - 2771, 4*w - 3658 = -2*u. What is the units digit of w?
7
Let o = 14373 + -2435. What is the units digit of o?
8
Suppose 84 = 5*n - 3*n - 2*i, -4*n = -i - 156. Let j be (-18)/(-9)*n/(-4). Let c = 258 - j. What is the tens digit of c?
7
What is the hundreds digit of (-2)/(-39) - (-13960948)/2262?
1
Let b = -15 - -38. Let k(t) = -19*t - 349. Let z be k(-14). Let a = b - z. What is the units digit of a?
6
Suppose 4*d - 44912 = -4*a, -4862 - 6386 = -a - 5*d. What is the units digit of a?
3
Suppose -16 = -n - 3*n. Let j be (8*-2)/(-4) - n. Suppose j*b = 3*b - 204. What is the units digit of b?
8
Let p(f) = -251*f. Let l be p(2). Let t = -230 - l. What is the hundreds digit of t?
2
Let h(a) be the first derivative of 7*a**4/12 - a**3/2 + 7*a**2/2 - 9*a - 16. Let t(x) be the first derivative of h(x). What is the units digit of t(2)?
9
Let c(j) = -203 - 19*j - 14*j + 12*j + 95 - 11*j. What is the tens digit of c(-4)?
2
What is the thousands digit of -7881*((-1)/(-6)*-58 + 9)?
5
Suppose -5*s + 4 = -4*s. Suppose -5*l + s*o = -19, -2*l + 0*o + 34 = 5*o. Suppose 3*t = l*t - 272. What is the units digit of t?
8
Suppose 0 = -z, v - 7 = 5*z + 49. Let j be (-1)/6 - 21750/1044. Let o = v - j. What is the unit